(u).
-2
Suppose -3*p = -1 - 5. Let h = 10 + 6. Let b(x) = -x**p - 17 + x + 2*x + h. Give b(3).
-1
Let z(d) = -10*d**3 + 9*d**3 + 10*d - 3 - 8*d - 4*d**2 + 3 - 2. Give z(-4).
-10
Let v(a) = a - 1. Let c(u) = 8*u - 1. Let d be (-6)/(-10) - (-112)/(-70). Let n(i) = d*c(i) + 2*v(i). Let r = -3 + 2. Determine n(r).
5
Let z be 3/(-3 - 189/(-60)). Suppose 0 = 4*o - a + z, -5*a + 6 + 14 = 0. Let j(h) be the third derivative of h**4/24 - h**3/6 - 3*h**2. What is j(o)?
-5
Let c = 11 + -5. Let f = 30 + -13. Let h(d) = -8 - 5*d - 20*d**3 + 7*d**2 - f*d**3 + 36*d**3. What is h(c)?
-2
Let z = 28 + -9. Suppose x = -0*m - 2*m + z, 5*x = m + 18. Let b(k) = -k + 1. What is b(m)?
-6
Suppose -3*y + 4 + 2 = 0. Let m(o) = 4 - 3 + y + 3*o - 5. Suppose 4*t = -2*u - 6, 4*u + 2*t + 10 = -2. Give m(u).
-11
Suppose -5*g - 125*f + 129*f = -55, g + 4*f - 35 = 0. Let h(o) = 3*o - 45. What is h(g)?
0
Let i = -61 + 64. Suppose -3 + 1 = -i*p + 5*k, -p = -4*k + 11. Let z(r) = -r**2 + 8*r + 5. Determine z(p).
-4
Let w(r) = -4*r - 5. Let x be w(-2). Let j(i) = 6 + 0*i**2 - 6*i - x*i**2 + 5*i + 2*i**2. Give j(0).
6
Let g(a) = a**3 + 6*a**2 - 7*a + 5. Let w be 4/(20/(-16) - -1). Let q = 9 + w. What is g(q)?
5
Let h = 56 - 61. Let l(f) = -2*f. Calculate l(h).
10
Let d(p) = 8 + 0*p + 6*p - 6*p**3 - 2*p**3 - 12*p**2. Let h(n) = -3*n**3 - 4*n**2 + 2*n + 3. Let a = -48 - -52. Let x(r) = a*d(r) - 11*h(r). Determine x(3).
-4
Let k(o) = -2*o**2 - 10*o - 13. Let u(z) = 7 - 121*z - 2*z**2 + 3*z**2 + 126*z. Let p(f) = 3*k(f) + 5*u(f). Calculate p(-3).
2
Let z(a) be the first derivative of -2*a**5/15 + a**4/24 + a**3/6 - a**2 - 2. Let l(f) be the second derivative of z(f). Give l(-1).
-8
Let n(d) = d. Let g(x) = 2*x - 43. Let f(o) = g(o) - 5*n(o). Calculate f(-15).
2
Let a(p) = -7*p**2 - 30*p - 14. Let t(f) = -27*f**2 - 117*f - 54. Let g(y) = -23*a(y) + 6*t(y). What is g(-9)?
25
Let c = 4 + -2. Let z(u) = -u**2 - 5*u + 8 + 0*u**c - 1 + 2*u**2. Let m be (-24)/(-156) + (-126)/(-26). Determine z(m).
7
Let r(a) = -a**2 + 9*a - 14. Suppose -30*j - 57 + 327 = 0. Calculate r(j).
-14
Let j(r) be the second derivative of -r**4/12 - 11*r**3/6 - 4*r - 11. What is j(-13)?
-26
Let z(w) = -2*w + 2*w - w. Let k(n) = n**2 + n - 1. Let r(h) = -7*h**2 - 2*h + 6. Let l(b) = -6*k(b) - r(b). Let m be l(2). What is z(m)?
4
Let l = 0 + 2. Let r(z) = 4. Let m(p) = -7*p + 22. Let k(c) = m(c) - 5*r(c). Give k(l).
-12
Let p(f) = 3*f - 10. Let k = -10 + 17. Let j be p(k). Let x(v) = -j - 2*v - 5*v + 6*v. What is x(0)?
-11
Let d be 2/12 - (-175)/30. Let f(t) = -t + 12. Let a be f(d). Let b = a + -9. Let m(i) = 3*i + 4. What is m(b)?
-5
Let i(v) = -24 + 19*v + 50*v**2 + v - 49*v**2. Give i(-21).
-3
Let n(u) = -15*u + 6. Let y(f) = -f + 5. Let i(t) = t - 4. Let j(d) = 4*i(d) + 3*y(d). Let w(b) = -6*j(b) - n(b). Let s = 2 + -1. Calculate w(s).
9
Let g be (3 + 3/(-2))*-2. Let o be (-14)/21 + (-23)/g. Suppose 4*l + 3*b + 16 = o*b, 4*b - 11 = -l. Let t(k) = -3*k + 1. Calculate t(l).
4
Let o(t) = t**2 - 2*t - 1. Let p be o(0). Let s(q) = -2*q**3 + 2*q**2 - 1. What is s(p)?
3
Let u be (2/(-6))/(6/(-36)). Let q(o) = 4 - 1 + 3*o**u + o**3 - 2. What is q(-3)?
1
Let o(y) = -9*y**3 - 6*y**2 - 5*y + 6. Let k(p) = -2*p**3 + p**2 + p + 1. Let c(f) = -4*k(f) + o(f). Determine c(-9).
2
Let g(x) be the first derivative of 5 + 13/3*x**3 - 3/8*x**4 + 1/120*x**5 + 0*x + 0*x**2. Let z(d) be the third derivative of g(d). Determine z(8).
-1
Suppose n = -2*r + 2 + 11, -3*n + 14 = r. Let m(c) = 2*c**3 + 3*c**2 - c + 1. Let t(f) = 3*f**3 + 3*f**2 - f + 1. Let h(d) = n*t(d) - 4*m(d). Calculate h(3).
2
Let b = 8 + -4. Let z(q) = 29*q + 35*q - 90*q + 29*q. What is z(b)?
12
Let f(t) = -10*t - 29. Let w(q) = -9*q - 22. Let y(c) = -3*f(c) + 4*w(c). What is y(3)?
-19
Suppose 7*u = -7*u + 9*u. Let d(y) be the third derivative of y**6/120 - y**4/24 - y**3 + y**2. Give d(u).
-6
Let a(k) = -2*k + 6. Let q = -121 + 128. Determine a(q).
-8
Let n(c) be the second derivative of -c**5/20 - 7*c**4/12 - c**3/3 - c**2/2 - c - 287. Give n(-7).
13
Let x be 12/20*(-10)/(-1). Let j = -5 + x. Let v(s) = 10*s - 11*s + 5*s + 9*s. Give v(j).
13
Let m(k) = 3*k**3 + 7*k**2 - 12*k + 1. Let s(b) = 7*b**3 + 15*b**2 - 25*b + 1. Let x(w) = 5*m(w) - 2*s(w). What is x(-7)?
-25
Let x(b) be the first derivative of b**4/4 - 13*b**3/3 + 11*b + 90. What is x(13)?
11
Suppose 2*j + 12 = 3*q - 7, -2*q - 4 = 2*j. Suppose -x - 16 = q*p + 5, -p = 5. Let z(n) = -3*n**2 + 3*n**2 - 8 - 6*n**2 - n**3. What is z(x)?
-8
Let k(d) be the third derivative of -d**6/120 - d**5/10 - d**4/6 - 5*d**3/6 + 85*d**2. Give k(-6).
19
Let z(n) = -1 + 0 + 2 + 2*n. Let d = 1 - 3. Let u = -6 - d. What is z(u)?
-7
Suppose 0 = t - 4*b, 4*t - 24 = -0*b + 4*b. Let j(q) = -363 + 355 - 2*q + 3*q. Give j(t).
0
Let b(y) = 16*y + 2*y - 20*y. What is b(7)?
-14
Let n(c) = c**2 + 2*c - 2. Let m(l) = -4*l - 33. Let g be m(-11). Suppose -1 = -4*k + g. What is n(k)?
13
Let p(l) be the second derivative of 1/2*l**2 + 0 + 9*l + 2/3*l**3. Determine p(-2).
-7
Let b(p) = 11*p + 5. Let c(s) = 15*s + 7. Let o(q) = -4*b(q) + 3*c(q). Determine o(16).
17
Let m(a) = 15*a**2 - a + 1. Let r(g) = -g**3 - 3*g**2 - 5*g - 5. Let w be -2 + (3 + 0 + -5 - -2). Let f be r(w). Give m(f).
15
Let g(d) = -27 + 12 - d + 2 + 3. Determine g(-15).
5
Let c(w) = -w**3 - 4*w**2 + 7*w + 1. Let q = -2814 - -2809. Determine c(q).
-9
Let d(q) = q**3 - 3*q**2 + 2*q - 2. Let k be d(2). Suppose 7 = 4*f - 3*a, -2*f = 2*f + 3*a - 25. Let y(w) = -5 - w**2 + 2*w + 2 - f*w. Determine y(k).
-3
Let m be (2 - 1)/(1 + 0). Let x = m - 4. Let z(v) = -5*v - 6. Let u(a) = 11*a + 14. Let h(o) = 4*u(o) + 9*z(o). Determine h(x).
5
Let m(b) = -b + 1. Let l be (-16)/(-10) + 3*(-2)/(-15). Let t(q) = q**2 - 2. Let d(i) = l*m(i) + t(i). Give d(4).
8
Let i(k) = -4*k + 1. Suppose 0 = 7*h + 119 - 105. Determine i(h).
9
Let c(d) = 2*d**2 - 2*d + 4. Let n(v) = -v + 15. Let q be n(6). Let x(a) = a**2 - a + 2. Let s(m) = q*x(m) - 4*c(m). Calculate s(3).
8
Let r = -3 - -5. Let k be (-3)/r*(-6)/(-9)*2. Let n(u) = -u**2 + 0*u**2 + 3*u**2 + 3 + u**3 + 2*u. Calculate n(k).
-1
Let o(m) be the second derivative of 7*m**4/12 - m**3/6 + m**2/2 + 276*m. Calculate o(1).
7
Let g(i) = 4*i**2 - 1. Let b(c) = -c**2. Let m(q) = 5*b(q) + g(q). Let w(z) = 3*z**3 + 9*z**2 - 16*z - 17. Let f be w(-4). What is m(f)?
-2
Let x(i) = -5*i + 2. Let c be -23 - -6 - 2/(-2). Let y(v) = -v**2 - 16*v - 4. Let o be y(c). Let g(j) = 6*j - 1. Let l(b) = o*x(b) - 3*g(b). Determine l(-4).
-13
Let d(u) = u**2 - 6*u + 5. Suppose -18 = -3*r - 4*q - 0*q, 0 = 4*r - 4*q - 24. Let n be (-4)/(2 - (r - 3)). Determine d(n).
-3
Let q(b) be the first derivative of b**6/360 - b**5/20 - b**4/4 - 2*b**3 + 11. Let a(o) be the third derivative of q(o). What is a(6)?
-6
Suppose -2*z - 16 = 3*d, 4 = 2*d + 2*z + 18. Let r(n) = 2*n**2 + 3*n + 5. Let m(w) = -6*w**2 - 8*w - 14. Let s(j) = -3*m(j) - 8*r(j). What is s(d)?
10
Let k(y) be the third derivative of y**5/60 + 5*y**4/8 + 25*y**3/3 - 541*y**2. Calculate k(-11).
6
Suppose 5*s + 6*k = 3*k + 42, 3*k = s + 6. Suppose -a - 8 + s = 0. Let j(d) = 5*d**3 - 3 - 4*d**3 + 0 - 2*d**2 + 5. Determine j(a).
-14
Let c = -65 - -68. Let u(d) = 508 - 252 + 9*d - d + 4*d**2 - d**c - 259. Let w = 10 + -5. Determine u(w).
12
Let x be ((-4)/10)/((-19)/(-95)). Let n be (x - 0) + (19 - 5). Let i(g) = -3 - 14*g - 3 + n*g. Determine i(-6).
6
Let s(j) be the third derivative of -5*j**4/12 - 4*j**3 + 75*j**2. What is s(-3)?
6
Let x be (-128)/(-160)*30/(-4). Let f(d) = -d**2 - 12*d + 1. What is f(x)?
37
Let w(h) be the third derivative of -h**5/30 + h**4/24 - 13*h**3/2 - 39*h**2. Let j(u) be the first derivative of w(u). Give j(-1).
5
Let k be 16/6 - (0 + 5/(-15)). Suppose 0*b = -c - k*b - 10, -5*c - 2*b = -15. Let n(t) = 4*t + 12. Let d(w) = -9*w - 25. Let o(l) = 6*d(l) + 13*n(l). Give o(c).
-4
Suppose -14*a + 643 = -701. Let p = a - 89. Let z(x) = -x**3 + 6*x**2 + 7*x + 4. What is z(p)?
4
Let z(v) = 3 - 8 - 2*v + 4 + 3*v**3. Calculate z(-2).
-21
Let z(f) = -f**3 + 6*f**2 + 27*f + 6. Let v = 414 - 405. Calculate z(v).
6
Suppose -7*v = -v - 36. Let w(n) = 3*n + 8 - 3*n - 1 - 2*n. What is w(v)?
-5
Let p(x) be the third derivative of x**6/24 + x**5/30 - x**4/8 - x**3/3 - 4*x**2 - 12*x. Determine p(-2).
-28
Let c(x) be the firs